{"id":1250,"date":"2024-01-09T21:21:34","date_gmt":"2024-01-09T21:21:34","guid":{"rendered":"https:\/\/hermandadtemple.org\/?page_id=1250"},"modified":"2024-01-18T10:50:24","modified_gmt":"2024-01-18T10:50:24","slug":"meditacion","status":"publish","type":"page","link":"https:\/\/hermandadtemple.org\/?page_id=1250","title":{"rendered":"Meditaci\u00f3n"},"content":{"rendered":"<p>[vc_row][vc_column][vc_column_text]<\/p>\n<h3>La Contemplaci\u00f3n para un Templario.<\/h3>\n<p>&nbsp;<\/p>\n<p>\u00bfQu\u00e9 es la Contemplaci\u00f3n?<\/p>\n<p>Cuando introducimos el t\u00e9rmino en el buscador digital, sale una cantidad de informaci\u00f3n muy variada. La que nos proporciona la R.A.E. es muy imprecisa, la que nos proporcionan las p\u00e1ginas relacionadas con la Iglesia nos dan una informaci\u00f3n m\u00e1s extensa, y la informaci\u00f3n de p\u00e1ginas laicas a veces se pierden en conceptos el extremo oriente que no siempre nos resultan comprensibles pues no tenemos ciertos conceptos que no son inherentes a nuestra cultura ni tradici\u00f3n religiosa. Sin embargo, despu\u00e9s le estar leyendo un buen rato, nos queda la idea de que es un tipo de oraci\u00f3n, que se realiza en silencio (no es una oraci\u00f3n verbal) y que, seg\u00fan algunos autores, tiene una capacidad transformadora.<br \/>\nPara m\u00ed, es la oraci\u00f3n del caballero, pues de la misma forma que el templario fue el soldado de \u00e9lite del medievo, tambi\u00e9n su oraci\u00f3n era la m\u00e1s perfecta, y nosotros, herederos de ese esp\u00edritu y actitud, debemos continuar con su legado, que es, adem\u00e1s, mas necesario que nunca en un Occidente desnortado y al borde del vac\u00edo interior.<br \/>\nEstos videos se han realizado para su divulgaci\u00f3n general, pero como es l\u00f3gico orientados a Damas y Caballeros del Temple que quieran iniciar un camino interior transformador. Este camino no es f\u00e1cil, pero tampoco complicado, no requiere gran cantidad de horas de trabajo interior, pero s\u00ed de una constancia y tiempos m\u00ednimos, no est\u00e1 exento de baches y obst\u00e1culos, pero siempre satisface, y aunque no se deben hacer promesas que no dependan de uno mismo, os puedo asegurar que, llegado a un cierto punto de pr\u00e1ctica, la Dama o el Caballero jam\u00e1s volver\u00e1 a ser el mismo.<br \/>\nComo curiosidad de la historia de la Hermandad de Damas y Caballeros del Temple, os dir\u00e9 que, en su n\u00facleo fundacional, esta oraci\u00f3n se practicaba siempre en todos sus Cap\u00edtulos, en uni\u00f3n fraterna, y como parte b\u00e1sica de sus ritos.<br \/>\nA aquellos hermanos que se atrevan a iniciar este camino, les felicito con antelaci\u00f3n, pero tambi\u00e9n he de advertirles: cuanto m\u00e1s pura consigas que sea tu alma, y m\u00e1s cerca te encuentres del Esp\u00edritu, tanto m\u00e1s te odiar\u00e1 el Maligno, porque fruto de ese acercamiento m\u00e1s puros ser\u00e1n tus pensamientos y tus actos, y eso al Malo no le gusta. Eso s\u00ed, El que quiere ser conocido cada vez m\u00e1s estar\u00e1 presente en tu vida. Escoge sabiamente y la Verdad te har\u00e1 libre, pero no esperes que ese saber te ahorre sufrimiento, porque el que no sabe, es feliz en su ignorancia, pero el que sabe, precisamente por saber, se enfrenta al mundo, y eso siempre tiene consecuencias.<\/p>\n<p>&nbsp;<\/p>\n<p style=\"text-align: right;\">F\u00e9nix<\/p>\n<p>[\/vc_column_text][\/vc_column][\/vc_row][vc_row][vc_column][vc_video link=\u00bbhttps:\/\/www.youtube.com\/watch?v=-wnKXEtvIAI\u00bb title=\u00bbLa Contemplaci\u00f3n. Introducci\u00f3n\u00bb][\/vc_column][\/vc_row][vc_row][vc_column][vc_video link=\u00bbhttps:\/\/www.youtube.com\/watch?v=7N7lceVzGNI\u00bb title=\u00bb1. La Contemplaci\u00f3n. \u00bfQu\u00e9 somos? La postura.\u00bb][\/vc_column][\/vc_row][vc_row][vc_column][vc_video link=\u00bbhttps:\/\/www.youtube.com\/watch?v=Ee-NOuUr01k\u00bb title=\u00bb2. La Contemplaci\u00f3n &#8211; El Cristo Interior &#8211; La respiraci\u00f3n\u00bb][\/vc_column][\/vc_row][vc_row][vc_column][vc_video link=\u00bbhttps:\/\/www.youtube.com\/watch?v=Y0tluTjJReQ\u00bb title=\u00bb3. La Contemplaci\u00f3n &#8211; El ego &#8211; La metanoia\u00bb][\/vc_column][\/vc_row][vc_row][vc_column][vc_video link=\u00bbhttps:\/\/www.youtube.com\/watch?v=wx_NqoVSMGc\u00bb title=\u00bb4. La contemplaci\u00f3n &#8211; La actitud\u00bb][\/vc_column][\/vc_row][vc_row][vc_column][vc_video link=\u00bbhttps:\/\/www.youtube.com\/watch?v=FelD52o1mOk\u00bb title=\u00bb5. La Contemplaci\u00f3n &#8211; T\u00e9cnicas y despedida\u00bb][\/vc_column][\/vc_row]<\/p>\n","protected":false},"excerpt":{"rendered":"<p>[vc_row][vc_column][vc_column_text] La Contemplaci\u00f3n para un Templario. &nbsp; \u00bfQu\u00e9 es la Contemplaci\u00f3n? Cuando introducimos el t\u00e9rmino en el buscador digital, sale una cantidad de informaci\u00f3n muy variada. La que nos proporciona la R.A.E. es muy imprecisa, la que nos proporcionan las p\u00e1ginas relacionadas con la Iglesia nos dan una informaci\u00f3n m\u00e1s extensa, y la informaci\u00f3n de p\u00e1ginas laicas a veces se pierden en conceptos el extremo oriente que no siempre nos resultan comprensibles pues no tenemos ciertos conceptos que no son inherentes a nuestra cultura ni tradici\u00f3n religiosa. Sin embargo, despu\u00e9s le estar leyendo un buen rato, nos queda la idea de que es un tipo de oraci\u00f3n, que se realiza en silencio (no es una oraci\u00f3n verbal) y que, seg\u00fan algunos autores, tiene una capacidad transformadora. Para m\u00ed, es la oraci\u00f3n del caballero, pues de la misma forma que el templario fue el soldado de \u00e9lite del medievo, tambi\u00e9n su oraci\u00f3n era la m\u00e1s perfecta, y nosotros, herederos de ese esp\u00edritu y actitud, debemos continuar con su legado, que es, adem\u00e1s, mas necesario que nunca en un Occidente desnortado y al borde del vac\u00edo interior. Estos videos se han realizado para su divulgaci\u00f3n general, pero como es l\u00f3gico orientados a Damas y Caballeros del Temple que quieran iniciar un camino interior transformador. Este camino no es f\u00e1cil, pero tampoco complicado, no requiere gran cantidad de horas de trabajo interior, pero s\u00ed de una constancia y tiempos m\u00ednimos, no est\u00e1 exento de baches y obst\u00e1culos, pero siempre satisface, y aunque no se deben hacer promesas que no dependan de uno mismo, os puedo asegurar que, llegado a un cierto punto de pr\u00e1ctica, la Dama o el Caballero jam\u00e1s volver\u00e1 a ser el mismo. Como curiosidad de la historia de la Hermandad de Damas y Caballeros del Temple, os dir\u00e9 que, en su n\u00facleo fundacional, esta oraci\u00f3n se practicaba siempre en todos sus Cap\u00edtulos, en uni\u00f3n fraterna, y como parte b\u00e1sica de sus ritos. A aquellos hermanos que se atrevan a iniciar este camino, les felicito con antelaci\u00f3n, pero tambi\u00e9n he de advertirles: cuanto m\u00e1s pura consigas que sea tu alma, y m\u00e1s cerca te encuentres del Esp\u00edritu, tanto m\u00e1s te odiar\u00e1 el Maligno, porque fruto de ese acercamiento m\u00e1s puros ser\u00e1n tus pensamientos y tus actos, y eso al Malo no le gusta. Eso s\u00ed, El que quiere ser conocido cada vez m\u00e1s estar\u00e1 presente en tu vida. Escoge sabiamente y la Verdad te har\u00e1 libre, pero no esperes que ese saber te ahorre sufrimiento, porque el que no sabe, es feliz en su ignorancia, pero el que sabe, precisamente por saber, se enfrenta al mundo, y eso siempre tiene consecuencias. &nbsp; F\u00e9nix [\/vc_column_text][\/vc_column][\/vc_row][vc_row][vc_column][vc_video link=\u00bbhttps:\/\/www.youtube.com\/watch?v=-wnKXEtvIAI\u00bb title=\u00bbLa Contemplaci\u00f3n. Introducci\u00f3n\u00bb][\/vc_column][\/vc_row][vc_row][vc_column][vc_video link=\u00bbhttps:\/\/www.youtube.com\/watch?v=7N7lceVzGNI\u00bb title=\u00bb1. La Contemplaci\u00f3n. \u00bfQu\u00e9 somos? La postura.\u00bb][\/vc_column][\/vc_row][vc_row][vc_column][vc_video link=\u00bbhttps:\/\/www.youtube.com\/watch?v=Ee-NOuUr01k\u00bb title=\u00bb2. La Contemplaci\u00f3n &#8211; El Cristo Interior &#8211; La respiraci\u00f3n\u00bb][\/vc_column][\/vc_row][vc_row][vc_column][vc_video link=\u00bbhttps:\/\/www.youtube.com\/watch?v=Y0tluTjJReQ\u00bb title=\u00bb3. La Contemplaci\u00f3n &#8211; El ego &#8211; La metanoia\u00bb][\/vc_column][\/vc_row][vc_row][vc_column][vc_video link=\u00bbhttps:\/\/www.youtube.com\/watch?v=wx_NqoVSMGc\u00bb title=\u00bb4. La contemplaci\u00f3n &#8211; La actitud\u00bb][\/vc_column][\/vc_row][vc_row][vc_column][vc_video link=\u00bbhttps:\/\/www.youtube.com\/watch?v=FelD52o1mOk\u00bb title=\u00bb5. La Contemplaci\u00f3n &#8211; T\u00e9cnicas y despedida\u00bb][\/vc_column][\/vc_row]<\/p>\n","protected":false},"author":1,"featured_media":0,"parent":0,"menu_order":0,"comment_status":"closed","ping_status":"closed","template":"","meta":[],"_links":{"self":[{"href":"https:\/\/hermandadtemple.org\/index.php?rest_route=\/wp\/v2\/pages\/1250"}],"collection":[{"href":"https:\/\/hermandadtemple.org\/index.php?rest_route=\/wp\/v2\/pages"}],"about":[{"href":"https:\/\/hermandadtemple.org\/index.php?rest_route=\/wp\/v2\/types\/page"}],"author":[{"embeddable":true,"href":"https:\/\/hermandadtemple.org\/index.php?rest_route=\/wp\/v2\/users\/1"}],"replies":[{"embeddable":true,"href":"https:\/\/hermandadtemple.org\/index.php?rest_route=%2Fwp%2Fv2%2Fcomments&post=1250"}],"version-history":[{"count":4,"href":"https:\/\/hermandadtemple.org\/index.php?rest_route=\/wp\/v2\/pages\/1250\/revisions"}],"predecessor-version":[{"id":1256,"href":"https:\/\/hermandadtemple.org\/index.php?rest_route=\/wp\/v2\/pages\/1250\/revisions\/1256"}],"wp:attachment":[{"href":"https:\/\/hermandadtemple.org\/index.php?rest_route=%2Fwp%2Fv2%2Fmedia&parent=1250"}],"curies":[{"name":"wp","href":"https:\/\/api.w.org\/{rel}","templated":true}]}}